{"id":2360,"date":"2025-09-19T10:58:20","date_gmt":"2025-09-19T10:58:20","guid":{"rendered":"https:\/\/muveszetterapia.hu\/new\/?page_id=2360"},"modified":"2025-09-29T13:48:04","modified_gmt":"2025-09-29T13:48:04","slug":"arttools-kreativ-svajcibicska-ahol-az-alkotas-es-a-technika-talalkozik","status":"publish","type":"page","link":"https:\/\/muveszetterapia.hu\/new\/arttools-kreativ-svajcibicska-ahol-az-alkotas-es-a-technika-talalkozik\/","title":{"rendered":"Arttools &#8211; ahol az alkot\u00e1s \u00e9s a technika tal\u00e1lkozik"},"content":{"rendered":"\n<figure class=\"wp-block-image size-large\"><img loading=\"lazy\" decoding=\"async\" width=\"1024\" height=\"585\" src=\"https:\/\/muveszetterapia.hu\/new\/wp-content\/uploads\/2025\/09\/start-1024x585.jpg\" alt=\"\" class=\"wp-image-2379\" srcset=\"https:\/\/muveszetterapia.hu\/new\/wp-content\/uploads\/2025\/09\/start-1024x585.jpg 1024w, https:\/\/muveszetterapia.hu\/new\/wp-content\/uploads\/2025\/09\/start-300x171.jpg 300w, https:\/\/muveszetterapia.hu\/new\/wp-content\/uploads\/2025\/09\/start-768x439.jpg 768w, https:\/\/muveszetterapia.hu\/new\/wp-content\/uploads\/2025\/09\/start-1536x878.jpg 1536w, https:\/\/muveszetterapia.hu\/new\/wp-content\/uploads\/2025\/09\/start-600x343.jpg 600w, https:\/\/muveszetterapia.hu\/new\/wp-content\/uploads\/2025\/09\/start-1320x754.jpg 1320w, https:\/\/muveszetterapia.hu\/new\/wp-content\/uploads\/2025\/09\/start.jpg 1792w\" sizes=\"auto, (max-width: 1024px) 100vw, 1024px\" \/><\/figure>\n\n\n\n<p><strong>ArtTools (Fresh Edition) ingyenes szoftver: A kreat\u00edv m\u0171v\u00e9szetter\u00e1pi\u00e1s b\u0151v\u00edthet\u0151 eszk\u00f6zgy\u0171jtem\u00e9ny<br><\/strong><\/p>\n\n\n\n<p>A m\u0171v\u00e9szet mindig is a l\u00e9lek t\u00fckre volt: egy biztons\u00e1gos t\u00e9r, ahol kifejezhetj\u00fck \u00e9rz\u00e9seinket, feldolgozhatjuk \u00e9lm\u00e9nyeinket, \u00e9s \u00faj n\u00e9z\u0151pontokat fedezhet\u00fcnk fel \u00f6nmagunkr\u00f3l. A 21. sz\u00e1zadban azonban a kreativit\u00e1s m\u00e1r nemcsak ecsetekhez, v\u00e1szonhoz vagy pap\u00edrhoz k\u00f6t\u0151dik \u2013 a digit\u00e1lis vil\u00e1g eszk\u00f6zei \u00faj dimenzi\u00f3kat nyitnak meg a m\u0171v\u00e9szetter\u00e1pia \u00e9s az \u00f6nkifejez\u00e9s el\u0151tt. Az informatika, az online t\u00e9r \u00e9s a technikai lehet\u0151s\u00e9gek egyre ink\u00e1bb seg\u00edtenek abban, hogy a m\u0171v\u00e9szet b\u00e1rhol, b\u00e1rmikor el\u00e9rhet\u0151 legyen, \u00e9s k\u00f6z\u00f6ss\u00e9get teremtsen azok k\u00f6z\u00f6tt is, akiket f\u00f6ldrajzi t\u00e1vols\u00e1g v\u00e1laszt el.<\/p>\n\n\n\n<p>E gondolat jegy\u00e9ben sz\u00fcletett meg az <a href=\"https:\/\/muveszetterapia.hu\/new\/Letoltes\/arttools.zip\"><strong>Arttools (Fresh Edition) &#8211; ingyenes szoftver<\/strong>,<\/a> egy t\u00f6bbmodulos, Widget st\u00edlus\u00fa, m\u0171v\u00e9szetter\u00e1pi\u00e1s \u00e9s oktat\u00e1st seg\u00edt\u0151 szoftver, amelyben a hagyom\u00e1nyos alkot\u00f3folyamat tal\u00e1lkozik a modern technol\u00f3gi\u00e1val. Az Arttools c\u00e9lja, hogy minden \u00e9rdekl\u0151d\u0151 \u2013 legyen szakember, di\u00e1k vagy \u00f6nismereti \u00faton j\u00e1r\u00f3 \u2013 k\u00e9nyelmesen haszn\u00e1lhat\u00f3, inspir\u00e1l\u00f3 k\u00f6rnyezetben fedezhesse fel a m\u0171v\u00e9szet erej\u00e9t. A k\u00fcl\u00f6nb\u00f6z\u0151 modulok j\u00e1t\u00e9kosak, kreat\u00edvak \u00e9s v\u00e1ltozatosak: lehet\u0151s\u00e9get k\u00edn\u00e1lnak rajzol\u00e1sra, sz\u00ednk\u00eds\u00e9rletekre, hang\u00e9lm\u00e9nyekre, id\u0151z\u00edtett gyakorlatokra vagy \u00e9ppen asszoci\u00e1ci\u00f3s feladatokra.<\/p>\n\n\n\n<p>Az online t\u00e9r itt nem akad\u00e1ly, hanem h\u00edd: \u00e1ltala az alkot\u00e1s szabadd\u00e1 v\u00e1lik, \u00e9s b\u00e1rki bekapcsol\u00f3dhat a k\u00f6z\u00f6s kreat\u00edv folyamatba. Az Arttools a m\u0171v\u00e9szetter\u00e1pia hagyom\u00e1nyos \u00e9rt\u00e9keit \u00f6tv\u00f6zi a digit\u00e1lis vil\u00e1g rugalmass\u00e1g\u00e1val, hogy \u00faj inspir\u00e1ci\u00f3kat adjon, \u00e9s seg\u00edtse a fejl\u0151d\u00e9st \u2013 ak\u00e1r egy\u00e9ni, ak\u00e1r k\u00f6z\u00f6ss\u00e9gi keretben.<br>Fedezd fel, hogyan v\u00e1lnak az egyszer\u0171, kreat\u00edv funkci\u00f3k egy k\u00f6nnyen haszn\u00e1lhat\u00f3 keretben az alkot\u00e1s eszk\u00f6z\u00e9v\u00e9! A program els\u0151sorban egy tanul\u00e1st-oktat\u00e1st t\u00e1mogat\u00f3 seg\u00e9dprogram. Nem p\u00f3tolja a komoly grafikai szoftvereket, vagy az olajfest\u00e9k illat\u00e1t, de a p\u00e1rhuzamosan futtathat\u00f3 Widget form\u00e1tum fel\u00fclet izgalmas \u00e9s \u00fajszer\u0171 munkafolyamatot eredm\u00e9nyezhet az elektronikus m\u0171termedben. Az ArtTools f\u0151alkalmaz\u00e1s korl\u00e1tlan sz\u00e1m\u00fa modul p\u00e1rhuzamos futtat\u00e1s\u00e1t teszi lehet\u0151v\u00e9, \u00edgy egyszerre dolgozhatsz t\u00f6bbf\u00e9le kreat\u00edv feladaton \u2013 \u00e9s ha \u00faj \u00f6tlet\u00fcnk t\u00e1mad, csak egy gombnyom\u00e1s v\u00e1laszt el a legfrissebb plugint\u00f3l.<br>A plugin k\u00f6nyvt\u00e1rat folyamatosan b\u0151v\u00edtj\u00fck, mely elemek let\u00f6lt\u00e9s ut\u00e1n gyors import\u00e1l\u00e1ssal haszn\u00e1lhat\u00f3ak.<br>A hamarosan el\u00e9rhet\u0151 Spicy Edition lok\u00e1lis k\u00e9p\u00e9rtelmez\u0151 LLM-et is tartalmaz, komolyabb koll\u00e1zsk\u00e9sz\u00edt\u00e9s \u00e9s k\u00e9pszerkeszt\u00e9s is lehet\u0151v\u00e9 v\u00e1lik, a zenei funkci\u00f3kr\u00f3l meg nem is merek m\u00e9g besz\u00e9lni;<\/p>\n\n\n\n<figure class=\"wp-block-image size-full\"><img loading=\"lazy\" decoding=\"async\" width=\"1024\" height=\"1024\" src=\"https:\/\/muveszetterapia.hu\/new\/wp-content\/uploads\/2025\/09\/1758262702525_export_canvas.jpeg\" alt=\"\" class=\"wp-image-2364\" srcset=\"https:\/\/muveszetterapia.hu\/new\/wp-content\/uploads\/2025\/09\/1758262702525_export_canvas.jpeg 1024w, https:\/\/muveszetterapia.hu\/new\/wp-content\/uploads\/2025\/09\/1758262702525_export_canvas-300x300.jpeg 300w, https:\/\/muveszetterapia.hu\/new\/wp-content\/uploads\/2025\/09\/1758262702525_export_canvas-150x150.jpeg 150w, https:\/\/muveszetterapia.hu\/new\/wp-content\/uploads\/2025\/09\/1758262702525_export_canvas-768x768.jpeg 768w, https:\/\/muveszetterapia.hu\/new\/wp-content\/uploads\/2025\/09\/1758262702525_export_canvas-75x75.jpeg 75w, https:\/\/muveszetterapia.hu\/new\/wp-content\/uploads\/2025\/09\/1758262702525_export_canvas-600x600.jpeg 600w, https:\/\/muveszetterapia.hu\/new\/wp-content\/uploads\/2025\/09\/1758262702525_export_canvas-100x100.jpeg 100w\" sizes=\"auto, (max-width: 1024px) 100vw, 1024px\" \/><\/figure>\n\n\n\n<p><strong>Telep\u00edt\u00e9s (jelenleg csak Windows verzi\u00f3):<\/strong>  Kicsomagol\u00e1s ut\u00e1n nem sz\u00fcks\u00e9ges telep\u00edtened a programot, egyszer\u0171en m\u00e1sold egy tetsz\u0151leges helyre az arttols.exe f\u00e1jlt \u00e9s az imports mapp\u00e1t. Az arttools.exe -re k\u00e9tszer kattintva ind\u00edtod a programot. Parancsikont is hozhatsz l\u00e9tre, amit kiteszel az Asztalra \u00e9s onnan ind\u00edtod. Pendrive-on is tarthatod, elviheted magaddal b\u00e1rhov\u00e1!<\/p>\n\n\n\n<p><strong>Haszn\u00e1lat:<\/strong> Bal oldalon l\u00e1tod a haszn\u00e1lhat\u00f3 funkci\u00f3kat, egy kattint\u00e1ssal megny\u00edlnak a munkafel\u00fcleten. B\u00e1rmennyit megnyithatsz, ak\u00e1r t\u00f6bb p\u00e9ld\u00e1nyban. Minden ablak \u00e1tm\u00e9retezhet\u0151 tetsz\u00e9s szerint, \u00edgy teljesen \u00edzl\u00e9sed szerint alak\u00edthatod a l\u00e1tv\u00e1nyt. S\u0151t maga a f\u0151 alkalmaz\u00e1s is megnyithat\u00f3 t\u00f6bb p\u00e9ld\u00e1nyban. Az oldal alj\u00e1n az &#8222;\u00daj plugin import\u00e1l\u00e1sa&#8221; gomb haszn\u00e1lat\u00e1val lehet integr\u00e1lni egyszer\u0171en a tov\u00e1bbi funkci\u00f3kat, melyek a k\u00e9s\u0151bbiekben el\u00e9rhet\u0151ek lesznek.<\/p>\n\n\n\n<p><mark style=\"background-color:rgba(0, 0, 0, 0)\" class=\"has-inline-color has-luminous-vivid-orange-color\">A Fresh csomagban a k\u00f6vetkez\u0151 modulokkal tal\u00e1lkozhatsz:<\/mark><\/p>\n\n\n\n<p><strong>\u00d3ra \u00e9s id\u0151z\u00edt\u0151<\/strong><br>Maradj f\u00f3kuszban: vizualiz\u00e1lt visszasz\u00e1ml\u00e1l\u00f3, munkaszakaszokhoz \u00e9s pihen\u0151id\u0151h\u00f6z egyar\u00e1nt.<\/p>\n\n\n\n<p><strong>Sz\u00ednkever\u0151<\/strong><br>Virtu\u00e1lis paletta, ahol b\u00e1rmely k\u00e9t sz\u00ednt gyakorlatilag \u00f6ssze\u00f6nthetsz \u00e9s azonnal l\u00e1thatod a v\u00e9geredm\u00e9nyt.<\/p>\n\n\n\n<p><strong>Sz\u00ednv\u00e1lt\u00f3 k\u00e9perny\u0151<\/strong><br>Leny\u0171g\u00f6z\u0151, folyamatos \u00e1tmenetek hideg\u2013meleg vagy egy\u00e9ni palett\u00e1val, hangulat-effekt, sz\u00edntanulm\u00e1ny vagy \u00e9ppen relax\u00e1ci\u00f3s vizu\u00e1lter\u00e1pia egy kattint\u00e1sra.<\/p>\n\n\n\n<p><strong>Rajzol\u00f3<\/strong><br>Szabadk\u00e9zi rajz ceruz\u00e1val, ecsettel, fest\u00e9ksz\u00f3r\u00f3val. A megl\u00e9v\u0151 ecsetek b\u0151v\u00fclnek.<\/p>\n\n\n\n<p><strong>Feladatlap k\u00e9sz\u00edt\u0151<\/strong><br>K\u00e9rd\u00e9ssorok, rajzos feladatok, sz\u00f6vegbe illesztett instrukci\u00f3k \u2013 egy\u00e9nre szabott ter\u00e1pi\u00e1s gyakorlatokhoz.<\/p>\n\n\n\n<p><strong>F\u00e1jl Rendszerez\u0151<\/strong><br>Dokumentumok, prezent\u00e1ci\u00f3k, k\u00e9pek, vide\u00f3k \u00e9s hangf\u00e1jlok automatikus kategoriz\u00e1l\u00e1sa, gyors el\u00e9r\u00e9s egy list\u00e1ban. Egy mapp\u00e1b\u00f3l kijel\u00f6lve a f\u00e1jlok vegyesen egy gombnyom\u00e1sra rendezett mapp\u00e1kba ker\u00fclnek t\u00edpusuk szerint, hogy k\u00f6nnyen eligazodj a tananyagban, v\u00e1zlataidban, let\u00f6lt\u00e9seidben.<\/p>\n\n\n\n<p><strong>K\u00e9p darabol\u00f3<\/strong><br>Interakt\u00edv szeletel\u00e9s \u00e9s v\u00e1g\u00e1s: rajzold k\u00f6rbe, vagy jel\u00f6ld ki a k\u00edv\u00e1nt ter\u00fcletet, mentsd k\u00fcl\u00f6n k\u00e9pk\u00e9nt. Egyszer\u0171 koll\u00e1zsk\u00e9sz\u00edt\u0151 fel\u00fclet.<\/p>\n\n\n\n<p><strong>F\u00e9nykever\u0151<\/strong><br>RGB-vez\u00e9relt f\u00e9nyeffektek, amikkel hangulatot teremthetsz: meleg, hideg, party vagy l\u00e1gy ter\u00e1piaf\u00e9ny.<\/p>\n\n\n\n<p><strong>Zenelej\u00e1tsz\u00f3<\/strong><br>Bek\u00e9sz\u00edthetsz zenesz\u00e1mokat az alkot\u00e1shoz, munk\u00e1hoz.<\/p>\n\n\n\n<p><strong>Gyors jegyzetel\u0151<\/strong><br>R\u00f6gz\u00edts azonnali gondolatokat, mentsd el \u0151ket!<\/p>\n\n\n\n<p><strong>Random gal\u00e9ria<\/strong><br>T\u00f6lts fel vagy haszn\u00e1ld a be\u00e9p\u00edtett mapp\u00e1t: egy kattint\u00e1s \u00e9s m\u00e1ris \u00faj k\u00e9p inspir\u00e1l. Korl\u00e1tlanul b\u0151v\u00edtheted saj\u00e1t k\u00e9pekkel, k\u00fcl\u00f6n mapp\u00e1kkal, amelyekb\u0151l v\u00e9letlenszer\u0171en v\u00e1laszthatsz.<\/p>\n\n\n\n<p><strong>Random Haiku Gener\u00e1tor<\/strong><br>R\u00f6vid, m\u0171v\u00e9szi k\u00f6ltem\u00e9nyek egyetlen gombnyom\u00e1sra \u2013 szavak, amelyek gondolat\u00e9breszt\u0151 medit\u00e1ci\u00f3t k\u00edn\u00e1lnak. Egyszer\u0171 inspir\u00e1ci\u00f3s \u00f6tlet. A k\u00e9s\u0151bbiekben b\u0151v\u00edthet\u0151 sz\u00f3k\u00e9szlettel.<\/p>\n\n\n\n<p><strong>YouTube &amp; Vide\u00f3 Megnyit\u00f3<\/strong><br>Online vagy helyi vide\u00f3k azonnali lej\u00e1tsz\u00e1sa, oktat\u00f3- \u00e9s relax\u00e1ci\u00f3s anyagokhoz.<\/p>\n\n\n\n<p><strong>Az ingyenes csomaghoz hamarosan \u00e9rkezik a Vizu\u00e1lis napl\u00f3 modul!<\/strong><\/p>\n\n\n<div class=\"wp-block-image\">\n<figure class=\"alignleft size-medium\"><img loading=\"lazy\" decoding=\"async\" width=\"300\" height=\"300\" src=\"https:\/\/muveszetterapia.hu\/new\/wp-content\/uploads\/2025\/09\/1758275774252-300x300.jpg\" alt=\"\" class=\"wp-image-2368\" srcset=\"https:\/\/muveszetterapia.hu\/new\/wp-content\/uploads\/2025\/09\/1758275774252-300x300.jpg 300w, https:\/\/muveszetterapia.hu\/new\/wp-content\/uploads\/2025\/09\/1758275774252-150x150.jpg 150w, https:\/\/muveszetterapia.hu\/new\/wp-content\/uploads\/2025\/09\/1758275774252-768x768.jpg 768w, https:\/\/muveszetterapia.hu\/new\/wp-content\/uploads\/2025\/09\/1758275774252-75x75.jpg 75w, https:\/\/muveszetterapia.hu\/new\/wp-content\/uploads\/2025\/09\/1758275774252-600x600.jpg 600w, https:\/\/muveszetterapia.hu\/new\/wp-content\/uploads\/2025\/09\/1758275774252-100x100.jpg 100w, https:\/\/muveszetterapia.hu\/new\/wp-content\/uploads\/2025\/09\/1758275774252.jpg 1024w\" sizes=\"auto, (max-width: 300px) 100vw, 300px\" \/><\/figure>\n<\/div>\n\n\n<p><a href=\"https:\/\/muveszetterapia.hu\/new\/Letoltes\/arttools.zip\"><strong>Arttools Fresh 2.0 \u00e9s Modulok let\u00f6lt\u00e9se<\/strong><\/a><\/p>\n\n\n\n<p>Mi\u00e9rt szeretj\u00fck az ArtTools-t?<br>Mert nincs sz\u00fcks\u00e9g k\u00fcl\u00f6n-k\u00fcl\u00f6n telep\u00edtened t\u00f6bb alkalmaz\u00e1st: itt mindent egyben megtal\u00e1lsz, az intuit\u00edv fel\u00fcleten k\u00f6nnyen v\u00e1ltogathatsz a feladatok \u00e9s m\u0171v\u00e9szeti gyakorlatok k\u00f6z\u00f6tt. Az ingyenes, ny\u00edlt forr\u00e1s\u00fa csomag b\u00e1rmely m\u0171v\u00e9szetter\u00e1pi\u00e1s szakembernek vagy oktat\u00f3nak ide\u00e1lis eszk\u00f6z, aki v\u00e1ltozatos, kreat\u00edv feladatokkal szeretn\u00e9 b\u0151v\u00edteni reperto\u00e1rj\u00e1t.<br>T\u00e1mogat\u00e1sodat \u2013 legyen sz\u00f3 visszajelz\u00e9sr\u0151l, \u00f6tletekr\u0151l vagy ak\u00e1r anyagi hozz\u00e1j\u00e1rul\u00e1sr\u00f3l \u2013 nagyra \u00e9rt\u00e9kelj\u00fck. Seg\u00edts, hogy az ArtTools tov\u00e1bb fejl\u0151dj\u00f6n, \u00e9s m\u00e9g t\u00f6bb inspir\u00e1l\u00f3 modullal gazdagodjon!<\/p>\n\n\n\n<p><em>Visszajelz\u00e9st ide \u00edrhatsz vagy a t\u00e1mogat\u00e1s form\u00e1j\u00e1r\u00f3l itt \u00e9rdekl\u0151dhetsz: kepzomuveszetterapia@gmail.com<\/em><\/p>\n\n\n\n<p>Rem\u00e9lem, tetszik majd a program-projekt!:)<\/p>\n\n\n\n<p><\/p>\n","protected":false},"excerpt":{"rendered":"<p>ArtTools (Fresh Edition) ingyenes szoftver: A kreat\u00edv m\u0171v\u00e9szetter\u00e1pi\u00e1s b\u0151v\u00edthet\u0151 eszk\u00f6zgy\u0171jtem\u00e9ny A m\u0171v\u00e9szet mindig is a l\u00e9lek t\u00fckre volt: egy biztons\u00e1gos t\u00e9r, ahol kifejezhetj\u00fck \u00e9rz\u00e9seinket, feldolgozhatjuk&hellip; <\/p>\n","protected":false},"author":1,"featured_media":0,"parent":0,"menu_order":0,"comment_status":"closed","ping_status":"closed","template":"","meta":{"footnotes":""},"class_list":["post-2360","page","type-page","status-publish","hentry"],"jetpack_sharing_enabled":true,"jetpack-related-posts":[{"id":141,"url":"https:\/\/muveszetterapia.hu\/new\/cikkek\/","url_meta":{"origin":2360,"position":0},"title":"Mozaikok","author":"Gyim\u00f3thy G\u00e1bor","date":"febru\u00e1r 19, 2014","format":false,"excerpt":"Az \u00e1lomr\u00f3l Ha \u00e1lmainkat k\u00e9pekben megjelen\u00edtj\u00fck, k\u00f6nnyebben meg\u00e9rtj\u00fck azok bels\u0151, szem\u00e9lyes \u00e9rzelmi tartalm\u00e1t. Ez\u00a0 a tartalom sokr\u00e9teg\u0171, nem is mindig f\u00e9r\u00fcnk, f\u00e9rhet\u00fcnk hozz\u00e1 az \u00f6sszes jelent\u00e9shez. Az aktu\u00e1lis, \u00e9bred\u00e9s ut\u00e1ni \u00e9rzelem ment\u00e9n \u00e9rdemes elindulni a f\u00f6lfedez\u0151 \u00faton. N\u00e9h\u00e1ny gondolat az \u00e1lmok feldolgoz\u00e1s\u00e1hoz C. G. Jungt\u00f3l: \" Minden \u00e1lom inform\u00e1l\u00f3 \u00e9s\u2026","rel":"","context":"Similar post","block_context":{"text":"Similar post","link":""},"img":{"alt_text":"hegyem_1024","src":"https:\/\/i0.wp.com\/muveszetterapia.hu\/new\/wp-content\/uploads\/2014\/04\/hegyem_1024-300x212.jpg?resize=350%2C200&ssl=1","width":350,"height":200},"classes":[]},{"id":1639,"url":"https:\/\/muveszetterapia.hu\/new\/a-muveszetterapiarol\/","url_meta":{"origin":2360,"position":1},"title":"A m\u0171v\u00e9szetter\u00e1pi\u00e1r\u00f3l","author":"Gyim\u00f3thy G\u00e1bor","date":"febru\u00e1r 16, 2014","format":false,"excerpt":"A m\u0171v\u00e9szetter\u00e1pia olyan kreat\u00edv tev\u00e9kenys\u00e9g, mely sor\u00e1n az alkot\u00f3 illetve befogad\u00f3 szem\u00e9ly szavakkal alig vagy szavakkal nem kifejezhet\u0151 tartalmakkal tal\u00e1lkozik. P\u00e9ld\u00e1ul nehezen megfogalmazhat\u00f3 \u00e9rzelmekkel, eml\u00e9kekkel, konfliktusokkal, gondolatokkal. A m\u0171v\u00e9szetter\u00e1pia k\u00e9pz\u0151m\u0171v\u00e9szeti \u00e1ga ezeket a tapasztalatokat k\u00e9zzelfoghat\u00f3 alkot\u00e1s seg\u00edts\u00e9g\u00e9vel jelen\u00edtheti meg \u00e9s tudatos\u00edthatja azokat.\u00a0 Ez az alkot\u00e1s lehet egy p\u00e1r vonalas rajz,\u2026","rel":"","context":"Similar post","block_context":{"text":"Similar post","link":""},"img":{"alt_text":"","src":"https:\/\/i0.wp.com\/muveszetterapia.hu\/new\/wp-content\/uploads\/2025\/12\/mt1.s.png?resize=350%2C200&ssl=1","width":350,"height":200,"srcset":"https:\/\/i0.wp.com\/muveszetterapia.hu\/new\/wp-content\/uploads\/2025\/12\/mt1.s.png?resize=350%2C200&ssl=1 1x, https:\/\/i0.wp.com\/muveszetterapia.hu\/new\/wp-content\/uploads\/2025\/12\/mt1.s.png?resize=525%2C300&ssl=1 1.5x, https:\/\/i0.wp.com\/muveszetterapia.hu\/new\/wp-content\/uploads\/2025\/12\/mt1.s.png?resize=700%2C400&ssl=1 2x, https:\/\/i0.wp.com\/muveszetterapia.hu\/new\/wp-content\/uploads\/2025\/12\/mt1.s.png?resize=1050%2C600&ssl=1 3x"},"classes":[]},{"id":2222,"url":"https:\/\/muveszetterapia.hu\/new\/indul-az-onfejleszto-muhely\/","url_meta":{"origin":2360,"position":2},"title":"\u00d6nfejleszt\u0151 m\u0171hely","author":"Gyim\u00f3thy G\u00e1bor","date":"m\u00e1rcius 28, 2025","format":false,"excerpt":"\u00d6r\u00fcl\u00f6k, hogy vonz az alkot\u00e1s \u00e9s az \u00f6nismeret vil\u00e1ga! \u00datj\u00e1ra ind\u00edtjuk m\u0171hely\u00fcnket, ahol az alkot\u00e1s \u00e9s az \u00f6nismeret lesz a f\u00f3kuszban. Az \u00f6nfejleszt\u0151 gyakorlatok l\u00e9nyege, hogy tal\u00e1lj magadnak egy kis id\u0151t - lehet\u0151leg rendszeresen - amikor elcsendesedhetsz \u00e9s teret adhatsz a Benned \u00e9l\u0151 kreativit\u00e1snak. A gyakorlatok nemcsak a kreativit\u00e1st hivatottak\u2026","rel":"","context":"Similar post","block_context":{"text":"Similar post","link":""},"img":{"alt_text":"","src":"https:\/\/i0.wp.com\/muveszetterapia.hu\/new\/wp-content\/uploads\/2024\/12\/segites-muveszetterapiaval2.jpg?resize=350%2C200&ssl=1","width":350,"height":200,"srcset":"https:\/\/i0.wp.com\/muveszetterapia.hu\/new\/wp-content\/uploads\/2024\/12\/segites-muveszetterapiaval2.jpg?resize=350%2C200&ssl=1 1x, https:\/\/i0.wp.com\/muveszetterapia.hu\/new\/wp-content\/uploads\/2024\/12\/segites-muveszetterapiaval2.jpg?resize=525%2C300&ssl=1 1.5x, https:\/\/i0.wp.com\/muveszetterapia.hu\/new\/wp-content\/uploads\/2024\/12\/segites-muveszetterapiaval2.jpg?resize=700%2C400&ssl=1 2x, https:\/\/i0.wp.com\/muveszetterapia.hu\/new\/wp-content\/uploads\/2024\/12\/segites-muveszetterapiaval2.jpg?resize=1050%2C600&ssl=1 3x, https:\/\/i0.wp.com\/muveszetterapia.hu\/new\/wp-content\/uploads\/2024\/12\/segites-muveszetterapiaval2.jpg?resize=1400%2C800&ssl=1 4x"},"classes":[]},{"id":2304,"url":"https:\/\/muveszetterapia.hu\/new\/keszits-vizualis-naplot-onfejleszo-muhely-1-gyakorlat\/","url_meta":{"origin":2360,"position":3},"title":"K\u00e9sz\u00edts vizu\u00e1lis napl\u00f3t &#8211; \u00d6nfejleszt\u0151 m\u0171hely &#8211; 1. gyakorlat","author":"Gyim\u00f3thy G\u00e1bor","date":"\u00e1prilis 16, 2025","format":false,"excerpt":"1. Gyakorlat: K\u00e9sz\u00edts vizu\u00e1lis napl\u00f3t! Els\u0151k\u00e9nt szeretn\u00e9lek invit\u00e1lni egy kis rajzol\u00e1sra, firk\u00e1l\u00e1sra, ahol b\u00e1tran kifejezheted a gondolataidat. K\u00e9sz\u00edtettem neked egy RAJZOL\u00d3 FEL\u00dcLETET VIZU\u00c1LIS NAPL\u00d3VAL KIEG\u00c9SZ\u00cdTVE, ahol \u00f6tletelhetsz, tervezgethetsz, \u00e9s szabadon alkothatsz. Ez a lehet\u0151s\u00e9g nemcsak a kreativit\u00e1sod szabadj\u00e1ra enged\u00e9s\u00e9re ad alkalmat, hanem arra is, hogy meg\u00f6r\u00f6k\u00edtsd azokat az inspir\u00e1l\u00f3 pillanatokat,\u2026","rel":"","context":"Similar post","block_context":{"text":"Similar post","link":""},"img":{"alt_text":"","src":"https:\/\/i0.wp.com\/muveszetterapia.hu\/new\/wp-content\/uploads\/2018\/10\/VW4AEQQGCY.jpg?resize=350%2C200&ssl=1","width":350,"height":200},"classes":[]},{"id":99,"url":"https:\/\/muveszetterapia.hu\/new\/programok\/","url_meta":{"origin":2360,"position":4},"title":"Programok","author":"Gyim\u00f3thy G\u00e1bor","date":"febru\u00e1r 18, 2014","format":false,"excerpt":"\u00a0 INTEGR\u00c1LT KIFEJEZ\u00c9S \u2013 \u00c9S ALKOT\u00c1STER\u00c1PI\u00c1S K\u00c9PZ\u00c9S ISM\u00c9T! \u2013 2020. JANU\u00c1R 20-T\u00d3L Hogyan seg\u00edthet a m\u0171v\u00e9szetter\u00e1pia\u00a0az \u00e9letvezet\u00e9sben \u00e9s az \u00f6nismeretben? Ebben a k\u00fcl\u00f6nleges kurzusban elsaj\u00e1t\u00edthatod a m\u0171v\u00e9szetter\u00e1pia, a mesedr\u00e1ma \u00e9s irodalomter\u00e1pia\u00a0eszk\u00f6zeit \u00e9s\u00a0alkalmaz\u00e1si lehet\u0151s\u00e9geit a ter\u00e1pi\u00e1s- \u00e9s seg\u00edt\u0151\u00a0folyamatokban. Alkalmazd a k\u00e9pz\u0151m\u0171v\u00e9szetet, a mes\u00e9ket \u00e9s a sz\u00e9pirodalmi m\u0171veket, mint ter\u00e1pi\u00e1s eszk\u00f6z\u00f6ket\u00a0 a\u2026","rel":"","context":"Similar post","block_context":{"text":"Similar post","link":""},"img":{"alt_text":"","src":"https:\/\/i0.wp.com\/muveszetterapia.hu\/new\/wp-content\/uploads\/2017\/08\/34274C85EF-300x225.jpg?resize=350%2C200&ssl=1","width":350,"height":200},"classes":[]},{"id":33,"url":"https:\/\/muveszetterapia.hu\/new\/alapitvany\/","url_meta":{"origin":2360,"position":5},"title":"Alap\u00edtv\u00e1ny","author":"Gyim\u00f3thy G\u00e1bor","date":"febru\u00e1r 18, 2014","format":false,"excerpt":"K\u00c9PES TEHETS\u00c9GGONDOZ\u00d3 K\u00d6ZHASZN\u00da ALAP\u00cdTV\u00c1NY Alap\u00edtva: 2011. Ad\u00f3sz\u00e1m: 18288487-1-13 Az Alap\u00edtv\u00e1ny sz\u00e1mlasz\u00e1ma: 64700083-16456352 Az Alap\u00edtv\u00e1ny c\u00e9lja: A ment\u00e1lis eg\u00e9szs\u00e9g meg\u0151rz\u00e9se, a tanul\u00e1si k\u00e9pess\u00e9g \u00e9s r\u00e9szk\u00e9pess\u00e9gek fejleszt\u00e9se, az \u00f6nismeret gazdag\u00edt\u00e1sa - m\u0171v\u00e9szeti, pedag\u00f3giai, ter\u00e1pi\u00e1s eszk\u00f6z\u00f6k seg\u00edts\u00e9g\u00e9vel, a kreat\u00edv\/m\u0171v\u00e9szi k\u00e9pess\u00e9gek felismer\u00e9se, gondoz\u00e1sa, kreat\u00edv\/m\u0171v\u00e9szeti eszk\u00f6z\u00f6k haszn\u00e1lat\u00e1nak bemutat\u00e1sa, megismertet\u00e9se, ezzel \u00a0kieg\u00e9sz\u00edtve a hagyom\u00e1nyos iskolai k\u00e9pz\u00e9s\u2026","rel":"","context":"Similar post","block_context":{"text":"Similar post","link":""},"img":{"alt_text":"_9410142683","src":"https:\/\/i0.wp.com\/muveszetterapia.hu\/new\/wp-content\/uploads\/2014\/02\/9410142683.jpg?resize=350%2C200&ssl=1","width":350,"height":200},"classes":[]}],"_links":{"self":[{"href":"https:\/\/muveszetterapia.hu\/new\/wp-json\/wp\/v2\/pages\/2360","targetHints":{"allow":["GET"]}}],"collection":[{"href":"https:\/\/muveszetterapia.hu\/new\/wp-json\/wp\/v2\/pages"}],"about":[{"href":"https:\/\/muveszetterapia.hu\/new\/wp-json\/wp\/v2\/types\/page"}],"author":[{"embeddable":true,"href":"https:\/\/muveszetterapia.hu\/new\/wp-json\/wp\/v2\/users\/1"}],"replies":[{"embeddable":true,"href":"https:\/\/muveszetterapia.hu\/new\/wp-json\/wp\/v2\/comments?post=2360"}],"version-history":[{"count":7,"href":"https:\/\/muveszetterapia.hu\/new\/wp-json\/wp\/v2\/pages\/2360\/revisions"}],"predecessor-version":[{"id":2430,"href":"https:\/\/muveszetterapia.hu\/new\/wp-json\/wp\/v2\/pages\/2360\/revisions\/2430"}],"wp:attachment":[{"href":"https:\/\/muveszetterapia.hu\/new\/wp-json\/wp\/v2\/media?parent=2360"}],"curies":[{"name":"wp","href":"https:\/\/api.w.org\/{rel}","templated":true}]}}