{"id":2304,"date":"2025-04-16T08:39:22","date_gmt":"2025-04-16T08:39:22","guid":{"rendered":"https:\/\/muveszetterapia.hu\/new\/?page_id=2304"},"modified":"2025-04-16T15:02:51","modified_gmt":"2025-04-16T15:02:51","slug":"keszits-vizualis-naplot-onfejleszo-muhely-1-gyakorlat","status":"publish","type":"page","link":"https:\/\/muveszetterapia.hu\/new\/keszits-vizualis-naplot-onfejleszo-muhely-1-gyakorlat\/","title":{"rendered":"K\u00e9sz\u00edts vizu\u00e1lis napl\u00f3t &#8211; \u00d6nfejleszt\u0151 m\u0171hely &#8211; 1. gyakorlat"},"content":{"rendered":"\n<h2 class=\"wp-block-heading\">1. <strong>Gyakorlat: K\u00e9sz\u00edts vizu\u00e1lis napl\u00f3t!<\/strong><\/h2>\n\n\n\n<p><\/p>\n\n\n<div class=\"wp-block-image wp-duotone-unset-1\">\n<figure class=\"alignleft size-full is-resized\"><img loading=\"lazy\" decoding=\"async\" width=\"373\" height=\"280\" src=\"https:\/\/muveszetterapia.hu\/new\/wp-content\/uploads\/2018\/10\/VW4AEQQGCY.jpg\" alt=\"\" class=\"wp-image-1479\" style=\"width:320px;height:auto\" srcset=\"https:\/\/muveszetterapia.hu\/new\/wp-content\/uploads\/2018\/10\/VW4AEQQGCY.jpg 373w, https:\/\/muveszetterapia.hu\/new\/wp-content\/uploads\/2018\/10\/VW4AEQQGCY-300x225.jpg 300w\" sizes=\"auto, (max-width: 373px) 100vw, 373px\" \/><\/figure>\n<\/div>\n\n\n<p>Els\u0151k\u00e9nt szeretn\u00e9lek invit\u00e1lni egy kis rajzol\u00e1sra, firk\u00e1l\u00e1sra, ahol b\u00e1tran kifejezheted a gondolataidat. K\u00e9sz\u00edtettem neked egy <a href=\"https:\/\/muveszetterapia.hu\/new\/Rajzolo\/\" data-type=\"link\" data-id=\"https:\/\/muveszetterapia.hu\/new\/Rajzolo\/\" target=\"_blank\" rel=\"noreferrer noopener\"><strong>RAJZOL\u00d3 FEL\u00dcLETET<\/strong> <strong>VIZU\u00c1LIS NAPL\u00d3VAL KIEG\u00c9SZ\u00cdTVE<\/strong><\/a>, ahol \u00f6tletelhetsz, tervezgethetsz, \u00e9s szabadon alkothatsz. Ez a lehet\u0151s\u00e9g nemcsak a kreativit\u00e1sod szabadj\u00e1ra enged\u00e9s\u00e9re ad alkalmat, hanem arra is, hogy meg\u00f6r\u00f6k\u00edtsd azokat az inspir\u00e1l\u00f3 pillanatokat, amelyek mindennapjaidban el\u0151fordulnak. Haszn\u00e1lj k\u00fcl\u00f6nb\u00f6z\u0151 sz\u00edneket, form\u00e1kat \u00e9s mint\u00e1kat vagy fot\u00f3kat, \u00e9s \u00e9lvezd a folyamatot, mik\u00f6zben felfedezed m\u0171v\u00e9szi \u00e9ned!<\/p>\n\n\n\n<p>Fel\u00f6lthetsz k\u00e9pet a v\u00e1szonra, r\u00e1rajzolhatsz vagy \u00f6n\u00e1ll\u00f3 alkot\u00e1st is k\u00e9sz\u00edthetsz a rajzeszk\u00f6z\u00f6kkel. A \u00fcres k\u00e9pkeretekbe egy kattint\u00e1ssal elhelyezheted az aktu\u00e1lis v\u00e1sznon l\u00e9v\u0151 k\u00e9pet, majd folytathatod a munk\u00e1t \u00e9s egy \u00fajabb l\u00e9p\u00e9st r\u00f6gz\u00edthetsz egy keretbe. Ezzel a folyamattal k\u00f6nnyed\u00e9n nyomon k\u00f6vetheted az elk\u00e9sz\u00edtett alkot\u00e1said fejl\u0151d\u00e9s\u00e9t, \u00e9s b\u00e1rmikor visszat\u00e9rhetsz az el\u0151z\u0151 l\u00e9p\u00e9sekhez, ha azokat sz\u00fcks\u00e9gesnek \u00e9rzed.<\/p>\n\n\n\n<p>Frissen k\u00e9sz\u00edtett fot\u00f3t is megjelen\u00edthetsz, lehet\u0151s\u00e9g van arra is, hogy ezt megjegyz\u00e9ssel ell\u00e1thatod. A megjegyz\u00e9sek lehet\u0151v\u00e9 teszik sz\u00e1modra, hogy \u00e9rz\u00e9seidet, gondolataidat vagy a folyamat sor\u00e1n szerzett tapasztalataidat r\u00f6gz\u00edtsd, ami seg\u00edthet az alkot\u00f3i fejl\u0151d\u00e9sed nyomon k\u00f6vet\u00e9s\u00e9ben. Elmentheted az egyes k\u00e9peket, vagy ak\u00e1r az eg\u00e9sz folyamatot is, ami k\u00fcl\u00f6n\u00f6sen hasznos lehet, ha vissza szeretn\u00e9l t\u00e9rni egy kor\u00e1bbi \u00e1llapothoz vagy \u00f6tlethez. Vissza is t\u00f6ltheted k\u00e9s\u0151bb azokat, \u00edgy a munk\u00e1d sohasem veszik el.<\/p>\n\n\n<div class=\"wp-block-image\">\n<figure class=\"alignleft size-full is-resized\"><img loading=\"lazy\" decoding=\"async\" width=\"403\" height=\"280\" src=\"https:\/\/muveszetterapia.hu\/new\/wp-content\/uploads\/2018\/10\/WI5VUVKE3Q.jpg\" alt=\"\" class=\"wp-image-1495\" style=\"width:321px;height:auto\" srcset=\"https:\/\/muveszetterapia.hu\/new\/wp-content\/uploads\/2018\/10\/WI5VUVKE3Q.jpg 403w, https:\/\/muveszetterapia.hu\/new\/wp-content\/uploads\/2018\/10\/WI5VUVKE3Q-300x208.jpg 300w\" sizes=\"auto, (max-width: 403px) 100vw, 403px\" \/><\/figure>\n<\/div>\n\n\n<p>Az oldal k\u00fcl\u00f6nlegess\u00e9ge, hogy be\u00e9p\u00edtett vizu\u00e1lis napl\u00f3val is rendelkezik. E funkci\u00f3 lehet\u0151v\u00e9 teszi, hogy legalul elmenteheted sz\u00f6veges le\u00edr\u00e1ssal egy\u00fctt a v\u00e1sznon l\u00e9v\u0151 k\u00e9pedet, \u00edgy a k\u00e9s\u0151bbiekben k\u00f6nnyen felid\u00e9zheted az alkot\u00e1said m\u00f6g\u00f6tti gondolatokat \u00e9s inspir\u00e1ci\u00f3kat. Ezt k\u00e9s\u0151bb d\u00e1tum szerint is kikeresheted a Vizu\u00e1lis napl\u00f3ban, ahol az \u00f6sszes ide mentett bejegyz\u00e9sedet megtal\u00e1lod. Ez a rendez\u00e9si lehet\u0151s\u00e9g megk\u00f6nny\u00edti a munkafolyamat visszatekint\u00e9s\u00e9t.<\/p>\n\n\n\n<p>A rajzokat, bejegyz\u00e9seket csak Te l\u00e1tod, ami biztos\u00edtja a priv\u00e1t szf\u00e9r\u00e1dat. A te b\u00f6ng\u00e9sz\u0151d illetve f\u00e1jlkezel\u0151d t\u00e1rolja helyben az adatokat, \u00edgy nem kell agg\u00f3dnod amiatt, hogy azok m\u00e1sok sz\u00e1m\u00e1ra hozz\u00e1f\u00e9rhet\u0151ek lenn\u00e9nek. Ez a biztons\u00e1gos adatkezel\u00e9s seg\u00edt neked abban, hogy szabadon alkothass an\u00e9lk\u00fcl, hogy b\u00e1rki megzavarn\u00e1 a kreat\u00edv folyamatodat. A rendszer a felhaszn\u00e1l\u00f3i \u00e9lm\u00e9nyt helyezi el\u0151t\u00e9rbe, \u00edgy mindenki megtal\u00e1lhatja a saj\u00e1t alkot\u00f3i st\u00edlus\u00e1t \u00e9s kifejez\u00e9si form\u00e1it a platformon.<\/p>\n\n\n<div class=\"wp-block-image\">\n<figure class=\"alignleft size-large is-resized\"><img loading=\"lazy\" decoding=\"async\" width=\"1024\" height=\"1024\" src=\"https:\/\/muveszetterapia.hu\/new\/wp-content\/uploads\/2024\/12\/az-alkoto-agy-mukodes-kozben-1024x1024.jpg\" alt=\"\" class=\"wp-image-2097\" style=\"width:321px;height:auto\" srcset=\"https:\/\/muveszetterapia.hu\/new\/wp-content\/uploads\/2024\/12\/az-alkoto-agy-mukodes-kozben-1024x1024.jpg 1024w, https:\/\/muveszetterapia.hu\/new\/wp-content\/uploads\/2024\/12\/az-alkoto-agy-mukodes-kozben-300x300.jpg 300w, https:\/\/muveszetterapia.hu\/new\/wp-content\/uploads\/2024\/12\/az-alkoto-agy-mukodes-kozben-150x150.jpg 150w, https:\/\/muveszetterapia.hu\/new\/wp-content\/uploads\/2024\/12\/az-alkoto-agy-mukodes-kozben-768x768.jpg 768w, https:\/\/muveszetterapia.hu\/new\/wp-content\/uploads\/2024\/12\/az-alkoto-agy-mukodes-kozben-1536x1536.jpg 1536w, https:\/\/muveszetterapia.hu\/new\/wp-content\/uploads\/2024\/12\/az-alkoto-agy-mukodes-kozben-75x75.jpg 75w, https:\/\/muveszetterapia.hu\/new\/wp-content\/uploads\/2024\/12\/az-alkoto-agy-mukodes-kozben-1320x1320.jpg 1320w, https:\/\/muveszetterapia.hu\/new\/wp-content\/uploads\/2024\/12\/az-alkoto-agy-mukodes-kozben-600x600.jpg 600w, https:\/\/muveszetterapia.hu\/new\/wp-content\/uploads\/2024\/12\/az-alkoto-agy-mukodes-kozben-100x100.jpg 100w, https:\/\/muveszetterapia.hu\/new\/wp-content\/uploads\/2024\/12\/az-alkoto-agy-mukodes-kozben.jpg 2048w\" sizes=\"auto, (max-width: 1024px) 100vw, 1024px\" \/><\/figure>\n<\/div>\n\n\n<h3 class=\"wp-block-heading\"><em><strong>Mi\u00e9rt ezzel kezdj\u00fck?<\/strong><\/em><\/h3>\n\n\n\n<p class=\"has-text-align-left\"><strong>Mert nemcsak szeml\u00e9l\u0151i vagyunk vil\u00e1gunknak, hanem akt\u00edv alkot\u00f3i.<\/strong><\/p>\n\n\n\n<p class=\"has-text-align-left\"><strong>Szertn\u00e9m, ha ez az alkot\u00f3i \u00f6r\u00f6m seg\u00edten\u00e9 az \u00f6nismereti munk\u00e1dat is. Egyr\u00e9szt: \u00e9lvezetes \u00e9s felszabad\u00edt\u00f3, m\u00e1sr\u00e9szt utat nyit olyan tartalmaknak, melyek kicsit rejt\u0151zk\u00f6dnek m\u00e9g el\u0151tt\u00fcnk.<\/strong><\/p>\n\n\n\n<p class=\"has-text-align-left\"><strong>A digit\u00e1lis fel\u00fclet pedig csak egy seg\u00e9deszk\u00f6z, hiszen b\u00e1rhov\u00e1 magaddal viheted, ak\u00e1r a telefonodon is.<\/strong><\/p>\n\n\n\n<p><strong>Mindegy mivel alkotsz! L\u00e1ss! Rajzolj \u00e9s \u00f6r\u00fclj neki!<\/strong> Az alkot\u00e1s szabads\u00e1g\u00e1t \u00e9lvezve b\u00e1rmilyen eszk\u00f6z lehet a kezedben, legyen az ecset, ceruza vagy ak\u00e1r digit\u00e1lis platform. V\u00e1laszd ki azt, ami igaz\u00e1n inspir\u00e1l, \u00e9s mer\u00fclj el a sz\u00ednek, form\u00e1k \u00e9s \u00f6tletek v\u00e9gtelen vil\u00e1g\u00e1ban. Ne f\u00e9lj k\u00eds\u00e9rletezni \u00e9s \u00faj technik\u00e1kat kipr\u00f3b\u00e1lni, hiszen a legszebb m\u0171vek gyakran a v\u00e9letlenekb\u0151l sz\u00fcletnek. Az \u00f6r\u00f6m, amit az alkot\u00e1s ny\u00fajt, t\u00falmutat a v\u00e9geredm\u00e9nyen; <strong>az igazi \u00e9rt\u00e9k a folyamatban rejlik<\/strong>, ahol meg\u00e9led kreativit\u00e1sodat \u00e9s \u00f6nkifejez\u00e9sedet.<\/p>\n\n\n\n<h2 class=\"wp-block-heading\">L\u00e1ssuk!<\/h2>\n\n\n\n<p><a href=\"https:\/\/muveszetterapia.hu\/new\/Rajzolo\/\" target=\"_blank\" rel=\"noreferrer noopener\">Pr\u00f3b\u00e1ld ki a rajzol\u00f3 fel\u00fcletet! \u00d6tletelj! Jegyzetelj \u00e9s mentsd el a \u0151ket a Vizu\u00e1lis napl\u00f3ba! &#8211; Ugr\u00e1s a rajzol\u00f3 fel\u00fcletre.<\/a><\/p>\n\n\n\n<p>Ha feliratkozol a <strong><a href=\"https:\/\/muveszetterapia.hu\/new\/hirlevel\/\" data-type=\"link\" data-id=\"https:\/\/muveszetterapia.hu\/new\/hirlevel\/\" target=\"_blank\" rel=\"noreferrer noopener\">H\u00cdRLEV\u00c9LRE<\/a><\/strong>, akkor hamarosan to\u00e1bbi gyakorlatokat is k\u00fcld\u00f6k, melyeket ezen a fel\u00fcleten is elk\u00e9sz\u00edthetsz vagy a saj\u00e1t rajzeszk\u00f6zeiddel. Ezek a gyakorlatok seg\u00edteni fognak a kreativit\u00e1sod fejleszt\u00e9s\u00e9ben, \u00e9s lehet\u0151s\u00e9get adnak arra, hogy k\u00f6nnyebben elsaj\u00e1t\u00edtsd a k\u00fcl\u00f6nb\u00f6z\u0151 technik\u00e1kat. Tov\u00e1bb\u00e1, szem\u00e9lyre szabott tippeket is kapsz, hogy m\u00e9g ink\u00e1bb kib\u0151v\u00edthesd a tud\u00e1sodat \u00e9s inspir\u00e1l\u00f3dhass az alkot\u00e1s folyamat\u00e1ban. Ne hagyd ki ezt az izgalmas lehet\u0151s\u00e9get!<\/p>\n\n\n<div class=\"wp-block-image\">\n<figure class=\"alignleft size-full is-resized\"><img loading=\"lazy\" decoding=\"async\" width=\"500\" height=\"500\" src=\"https:\/\/muveszetterapia.hu\/new\/wp-content\/uploads\/2024\/12\/cropped-muveszetterapia.hu_logo.png\" alt=\"\" class=\"wp-image-2156\" style=\"width:339px;height:auto\" srcset=\"https:\/\/muveszetterapia.hu\/new\/wp-content\/uploads\/2024\/12\/cropped-muveszetterapia.hu_logo.png 500w, https:\/\/muveszetterapia.hu\/new\/wp-content\/uploads\/2024\/12\/cropped-muveszetterapia.hu_logo-300x300.png 300w, https:\/\/muveszetterapia.hu\/new\/wp-content\/uploads\/2024\/12\/cropped-muveszetterapia.hu_logo-150x150.png 150w, https:\/\/muveszetterapia.hu\/new\/wp-content\/uploads\/2024\/12\/cropped-muveszetterapia.hu_logo-75x75.png 75w, https:\/\/muveszetterapia.hu\/new\/wp-content\/uploads\/2024\/12\/cropped-muveszetterapia.hu_logo-100x100.png 100w\" sizes=\"auto, (max-width: 500px) 100vw, 500px\" \/><\/figure>\n<\/div>","protected":false},"excerpt":{"rendered":"<p>1. Gyakorlat: K\u00e9sz\u00edts vizu\u00e1lis napl\u00f3t! Els\u0151k\u00e9nt szeretn\u00e9lek invit\u00e1lni egy kis rajzol\u00e1sra, firk\u00e1l\u00e1sra, ahol b\u00e1tran kifejezheted a gondolataidat. K\u00e9sz\u00edtettem neked egy RAJZOL\u00d3 FEL\u00dcLETET VIZU\u00c1LIS NAPL\u00d3VAL KIEG\u00c9SZ\u00cdTVE,&hellip; <\/p>\n","protected":false},"author":1,"featured_media":0,"parent":0,"menu_order":0,"comment_status":"closed","ping_status":"closed","template":"","meta":{"footnotes":""},"class_list":["post-2304","page","type-page","status-publish","hentry"],"jetpack_sharing_enabled":true,"jetpack-related-posts":[{"id":2222,"url":"https:\/\/muveszetterapia.hu\/new\/indul-az-onfejleszto-muhely\/","url_meta":{"origin":2304,"position":0},"title":"\u00d6nfejleszt\u0151 m\u0171hely","author":"Gyim\u00f3thy G\u00e1bor","date":"m\u00e1rcius 28, 2025","format":false,"excerpt":"\u00d6r\u00fcl\u00f6k, hogy vonz az alkot\u00e1s \u00e9s az \u00f6nismeret vil\u00e1ga! \u00datj\u00e1ra ind\u00edtjuk m\u0171hely\u00fcnket, ahol az alkot\u00e1s \u00e9s az \u00f6nismeret lesz a f\u00f3kuszban. Az \u00f6nfejleszt\u0151 gyakorlatok l\u00e9nyege, hogy tal\u00e1lj magadnak egy kis id\u0151t - lehet\u0151leg rendszeresen - amikor elcsendesedhetsz \u00e9s teret adhatsz a Benned \u00e9l\u0151 kreativit\u00e1snak. A gyakorlatok nemcsak a kreativit\u00e1st hivatottak\u2026","rel":"","context":"Similar post","block_context":{"text":"Similar post","link":""},"img":{"alt_text":"","src":"https:\/\/i0.wp.com\/muveszetterapia.hu\/new\/wp-content\/uploads\/2024\/12\/segites-muveszetterapiaval2.jpg?resize=350%2C200&ssl=1","width":350,"height":200,"srcset":"https:\/\/i0.wp.com\/muveszetterapia.hu\/new\/wp-content\/uploads\/2024\/12\/segites-muveszetterapiaval2.jpg?resize=350%2C200&ssl=1 1x, https:\/\/i0.wp.com\/muveszetterapia.hu\/new\/wp-content\/uploads\/2024\/12\/segites-muveszetterapiaval2.jpg?resize=525%2C300&ssl=1 1.5x, https:\/\/i0.wp.com\/muveszetterapia.hu\/new\/wp-content\/uploads\/2024\/12\/segites-muveszetterapiaval2.jpg?resize=700%2C400&ssl=1 2x, https:\/\/i0.wp.com\/muveszetterapia.hu\/new\/wp-content\/uploads\/2024\/12\/segites-muveszetterapiaval2.jpg?resize=1050%2C600&ssl=1 3x, https:\/\/i0.wp.com\/muveszetterapia.hu\/new\/wp-content\/uploads\/2024\/12\/segites-muveszetterapiaval2.jpg?resize=1400%2C800&ssl=1 4x"},"classes":[]},{"id":2205,"url":"https:\/\/muveszetterapia.hu\/new\/hirlevel\/","url_meta":{"origin":2304,"position":1},"title":"H\u00edrlev\u00e9l","author":"Gyim\u00f3thy G\u00e1bor","date":"december 19, 2024","format":false,"excerpt":"A H\u00edrlev\u00e9lre feliratkoz\u00f3k ingyenesen hazn\u00e1lhatnak egy online rajzol\u00f3 fel\u00fcletet vizu\u00e1lis napl\u00f3val kieg\u00e9sz\u00edtve.","rel":"","context":"Similar post","block_context":{"text":"Similar post","link":""},"img":{"alt_text":"","src":"","width":0,"height":0},"classes":[]},{"id":2278,"url":"https:\/\/muveszetterapia.hu\/new\/meselo-foltok-onfejleszto-muhely-2-gyakorlat\/","url_meta":{"origin":2304,"position":2},"title":"Mes\u00e9l\u0151 foltok &#8211; \u00d6nfejleszt\u0151 m\u0171hely &#8211; 2. gyakorlat","author":"Gyim\u00f3thy G\u00e1bor","date":"\u00e1prilis 16, 2025","format":false,"excerpt":"Ebben a gyakorlatban a szabad asszoci\u00e1ci\u00f3 lehet\u0151s\u00e9geivel ismerked\u00fcnk. Ha van otthon tus vagy tinta a fi\u00f3kodban, akkor egy keveset t\u00f6lts ki egy kis t\u00e1lba. Ez b\u00e1rmilyen sz\u00edn\u0171 tinta lehet. \u00c9n p\u00e9ld\u00e1ul nagyon szeretem a sepia (barna) sz\u00edn\u0171 tint\u00e1t haszn\u00e1lni. A ki\u00f6nt\u00f6tt tint\u00e1ba egy \u00f6sszegy\u0171rt pap\u00edrzsepit finoman m\u00e1rts bele, majd egy\u2026","rel":"","context":"Similar post","block_context":{"text":"Similar post","link":""},"img":{"alt_text":"","src":"https:\/\/i0.wp.com\/muveszetterapia.hu\/new\/wp-content\/uploads\/2025\/04\/20250416084907-150x150.jpg?resize=350%2C200&ssl=1","width":350,"height":200,"srcset":"https:\/\/i0.wp.com\/muveszetterapia.hu\/new\/wp-content\/uploads\/2025\/04\/20250416084907-150x150.jpg?resize=350%2C200&ssl=1 1x, https:\/\/i0.wp.com\/muveszetterapia.hu\/new\/wp-content\/uploads\/2025\/04\/20250416084907-150x150.jpg?resize=525%2C300&ssl=1 1.5x, https:\/\/i0.wp.com\/muveszetterapia.hu\/new\/wp-content\/uploads\/2025\/04\/20250416084907-150x150.jpg?resize=700%2C400&ssl=1 2x, https:\/\/i0.wp.com\/muveszetterapia.hu\/new\/wp-content\/uploads\/2025\/04\/20250416084907-150x150.jpg?resize=1050%2C600&ssl=1 3x, https:\/\/i0.wp.com\/muveszetterapia.hu\/new\/wp-content\/uploads\/2025\/04\/20250416084907-150x150.jpg?resize=1400%2C800&ssl=1 4x"},"classes":[]},{"id":2360,"url":"https:\/\/muveszetterapia.hu\/new\/arttools-kreativ-svajcibicska-ahol-az-alkotas-es-a-technika-talalkozik\/","url_meta":{"origin":2304,"position":3},"title":"Arttools &#8211; ahol az alkot\u00e1s \u00e9s a technika tal\u00e1lkozik","author":"Gyim\u00f3thy G\u00e1bor","date":"szeptember 19, 2025","format":false,"excerpt":"ArtTools (Fresh Edition) ingyenes szoftver: A kreat\u00edv m\u0171v\u00e9szetter\u00e1pi\u00e1s b\u0151v\u00edthet\u0151 eszk\u00f6zgy\u0171jtem\u00e9ny A m\u0171v\u00e9szet mindig is a l\u00e9lek t\u00fckre volt: egy biztons\u00e1gos t\u00e9r, ahol kifejezhetj\u00fck \u00e9rz\u00e9seinket, feldolgozhatjuk \u00e9lm\u00e9nyeinket, \u00e9s \u00faj n\u00e9z\u0151pontokat fedezhet\u00fcnk fel \u00f6nmagunkr\u00f3l. A 21. sz\u00e1zadban azonban a kreativit\u00e1s m\u00e1r nemcsak ecsetekhez, v\u00e1szonhoz vagy pap\u00edrhoz k\u00f6t\u0151dik \u2013 a digit\u00e1lis vil\u00e1g eszk\u00f6zei\u2026","rel":"","context":"Similar post","block_context":{"text":"Similar post","link":""},"img":{"alt_text":"","src":"https:\/\/i0.wp.com\/muveszetterapia.hu\/new\/wp-content\/uploads\/2025\/09\/start.jpg?resize=350%2C200&ssl=1","width":350,"height":200,"srcset":"https:\/\/i0.wp.com\/muveszetterapia.hu\/new\/wp-content\/uploads\/2025\/09\/start.jpg?resize=350%2C200&ssl=1 1x, https:\/\/i0.wp.com\/muveszetterapia.hu\/new\/wp-content\/uploads\/2025\/09\/start.jpg?resize=525%2C300&ssl=1 1.5x, https:\/\/i0.wp.com\/muveszetterapia.hu\/new\/wp-content\/uploads\/2025\/09\/start.jpg?resize=700%2C400&ssl=1 2x, https:\/\/i0.wp.com\/muveszetterapia.hu\/new\/wp-content\/uploads\/2025\/09\/start.jpg?resize=1050%2C600&ssl=1 3x, https:\/\/i0.wp.com\/muveszetterapia.hu\/new\/wp-content\/uploads\/2025\/09\/start.jpg?resize=1400%2C800&ssl=1 4x"},"classes":[]},{"id":396,"url":"https:\/\/muveszetterapia.hu\/new\/zenehallgatas\/","url_meta":{"origin":2304,"position":4},"title":"Zenehallgat\u00e1s","author":"Gyim\u00f3thy G\u00e1bor","date":"m\u00e1rcius 6, 2017","format":false,"excerpt":"Fest\u00e9shez, rajzol\u00e1shoz, alkot\u00e1shoz egy kis zenei seg\u00edts\u00e9g Chopin_206 - 2 Nocturnes, op.62 no.1 in B major - Andante J. S. Bach - 01-Flute Sonata in Bm,BWV 1030-Andante Chopin - 102 - Concerto for Piano and Orchestra no.1 in E minor, op.11 - 2. Romance. Larghetto Chopin - 203 - 2\u2026","rel":"","context":"Similar post","block_context":{"text":"Similar post","link":""},"img":{"alt_text":"","src":"https:\/\/i0.wp.com\/muveszetterapia.hu\/new\/wp-content\/uploads\/2025\/12\/zt1.s.png?resize=350%2C200&ssl=1","width":350,"height":200,"srcset":"https:\/\/i0.wp.com\/muveszetterapia.hu\/new\/wp-content\/uploads\/2025\/12\/zt1.s.png?resize=350%2C200&ssl=1 1x, https:\/\/i0.wp.com\/muveszetterapia.hu\/new\/wp-content\/uploads\/2025\/12\/zt1.s.png?resize=525%2C300&ssl=1 1.5x, https:\/\/i0.wp.com\/muveszetterapia.hu\/new\/wp-content\/uploads\/2025\/12\/zt1.s.png?resize=700%2C400&ssl=1 2x, https:\/\/i0.wp.com\/muveszetterapia.hu\/new\/wp-content\/uploads\/2025\/12\/zt1.s.png?resize=1050%2C600&ssl=1 3x"},"classes":[]},{"id":1639,"url":"https:\/\/muveszetterapia.hu\/new\/a-muveszetterapiarol\/","url_meta":{"origin":2304,"position":5},"title":"A m\u0171v\u00e9szetter\u00e1pi\u00e1r\u00f3l","author":"Gyim\u00f3thy G\u00e1bor","date":"febru\u00e1r 16, 2014","format":false,"excerpt":"A m\u0171v\u00e9szetter\u00e1pia olyan kreat\u00edv tev\u00e9kenys\u00e9g, mely sor\u00e1n az alkot\u00f3 illetve befogad\u00f3 szem\u00e9ly szavakkal alig vagy szavakkal nem kifejezhet\u0151 tartalmakkal tal\u00e1lkozik. P\u00e9ld\u00e1ul nehezen megfogalmazhat\u00f3 \u00e9rzelmekkel, eml\u00e9kekkel, konfliktusokkal, gondolatokkal. A m\u0171v\u00e9szetter\u00e1pia k\u00e9pz\u0151m\u0171v\u00e9szeti \u00e1ga ezeket a tapasztalatokat k\u00e9zzelfoghat\u00f3 alkot\u00e1s seg\u00edts\u00e9g\u00e9vel jelen\u00edtheti meg \u00e9s tudatos\u00edthatja azokat.\u00a0 Ez az alkot\u00e1s lehet egy p\u00e1r vonalas rajz,\u2026","rel":"","context":"Similar post","block_context":{"text":"Similar post","link":""},"img":{"alt_text":"","src":"https:\/\/i0.wp.com\/muveszetterapia.hu\/new\/wp-content\/uploads\/2025\/12\/mt1.s.png?resize=350%2C200&ssl=1","width":350,"height":200,"srcset":"https:\/\/i0.wp.com\/muveszetterapia.hu\/new\/wp-content\/uploads\/2025\/12\/mt1.s.png?resize=350%2C200&ssl=1 1x, https:\/\/i0.wp.com\/muveszetterapia.hu\/new\/wp-content\/uploads\/2025\/12\/mt1.s.png?resize=525%2C300&ssl=1 1.5x, https:\/\/i0.wp.com\/muveszetterapia.hu\/new\/wp-content\/uploads\/2025\/12\/mt1.s.png?resize=700%2C400&ssl=1 2x, https:\/\/i0.wp.com\/muveszetterapia.hu\/new\/wp-content\/uploads\/2025\/12\/mt1.s.png?resize=1050%2C600&ssl=1 3x"},"classes":[]}],"_links":{"self":[{"href":"https:\/\/muveszetterapia.hu\/new\/wp-json\/wp\/v2\/pages\/2304","targetHints":{"allow":["GET"]}}],"collection":[{"href":"https:\/\/muveszetterapia.hu\/new\/wp-json\/wp\/v2\/pages"}],"about":[{"href":"https:\/\/muveszetterapia.hu\/new\/wp-json\/wp\/v2\/types\/page"}],"author":[{"embeddable":true,"href":"https:\/\/muveszetterapia.hu\/new\/wp-json\/wp\/v2\/users\/1"}],"replies":[{"embeddable":true,"href":"https:\/\/muveszetterapia.hu\/new\/wp-json\/wp\/v2\/comments?post=2304"}],"version-history":[{"count":2,"href":"https:\/\/muveszetterapia.hu\/new\/wp-json\/wp\/v2\/pages\/2304\/revisions"}],"predecessor-version":[{"id":2308,"href":"https:\/\/muveszetterapia.hu\/new\/wp-json\/wp\/v2\/pages\/2304\/revisions\/2308"}],"wp:attachment":[{"href":"https:\/\/muveszetterapia.hu\/new\/wp-json\/wp\/v2\/media?parent=2304"}],"curies":[{"name":"wp","href":"https:\/\/api.w.org\/{rel}","templated":true}]}}